5 = 4*x + 35. Let u(n) = -n**2 - 14*n - 4. What are the prime factors of u(x)?
2, 3
Let v be (-3 - -14) + -3 + -4. Let l(x) = -5*x - 4. Let j be l(-7). Suppose -j = -2*i - u, 70 = i + v*i + 5*u. What are the prime factors of i?
17
Suppose -4 = n - 7. Suppose 11 + 16 = -n*r. List the prime factors of 3 + 3/r*-183.
2
Suppose q + 534 - 619 = 0. List the prime factors of q.
5, 17
Suppose -4*v + v + 12 = 0, -296 = 2*g - 4*v. Let t = g - -281. List the prime factors of t.
3, 47
Let s be (4/(-6))/(4/(-48)). Suppose -k - s = -4*t + 1193, 0 = -5*t - 5*k + 1495. Suppose 0 = 2*q + 3*q - t. What are the prime factors of q?
2, 3, 5
Suppose 0 = 14*p - 11*p. Let l be 2 + (1 - p)*1. Suppose 4*y + 38 = x, -l*x + 5*y = 2*y - 141. What are the prime factors of x?
2, 5
Let g = 19 + -6. Let p be (2 - g/4)*-4. Suppose 3*t = -2*a + 85, -p*t + 132 = -4*a + 5. What are the prime factors of t?
3
Let c(j) = 4*j**2 - 3*j. Let i be c(2). Let w = -12 + i. List the prime factors of w/(-4) - 33/(-6).
2, 3
Let z be ((-4)/5)/((-12)/(-60)). Let v(b) = 21*b + 3. Let g be v(7). List the prime factors of (-2)/(3*z/g).
5
Let w be (-2)/(-2)*-1*13. Suppose -54*m = -55*m - 20. Let t = w - m. List the prime factors of t.
7
Let m(y) = 4*y**2 + 16*y + 5. List the prime factors of m(11).
5, 7, 19
Let u(w) = 188*w**2 + 2*w - 2. Let o be u(1). Suppose -o = -2*c - 2*c. List the prime factors of c.
47
Suppose 3*i - 3*g = 6444, -45*i + 2*g - 8598 = -49*i. List the prime factors of i.
7, 307
Let o(t) be the first derivative of 69*t**2/2 + 4. What are the prime factors of o(1)?
3, 23
Let j be ((-122)/6)/(8/48). Let p = j + 194. What are the prime factors of p?
2, 3
Suppose -2*t - 2*t + 5*u + 3 = 0, -5*u = -t - 3. Suppose 97 = t*x - 21. List the prime factors of x.
59
Suppose 7 = 2*d + 5, -4*i = -3*d - 1997. What are the prime factors of i?
2, 5
Let z(q) = -q**2 - 6*q + 11. Let s be z(-7). Suppose s*p - 2*p = -b + 117, -b - 3*p + 121 = 0. What are the prime factors of b?
109
Let r(g) = -g**3 + 10*g**2 + g - 12. Let o(x) = 2*x**2 + 26*x + 9. Let h be o(-13). List the prime factors of r(h).
2, 3, 13
Suppose -3*g + 2*g = 0. Let o be (-55 - 2)/(12/(-8)). Suppose -c + o = -g*c. List the prime factors of c.
2, 19
Let h(b) = 0*b + b - 2*b**3 + 3*b**3 - 6*b**2 + 12 - 3*b. Let y be h(6). Suppose y = 5*x - 103 + 13. What are the prime factors of x?
2, 3
Let x be 7*111/(1 - -2). Suppose 0 = -2*j - 5*l + x, 2*l + l - 249 = -2*j. Let q = j - 75. List the prime factors of q.
2, 3, 7
Let p(a) = -a**3 - 15*a**2 + 4. Let n be p(-15). Suppose -45 - 47 = n*w. Let z = w - -29. What are the prime factors of z?
2, 3
Let x(h) = h + 28. Let b be x(-8). Suppose 0 = b*a - 14*a - 570. List the prime factors of a.
5, 19
List the prime factors of 100352/72 - 4/(-18).
2, 17, 41
Suppose 5*s + v = 12, -6*s = -2*s + 4*v. Let g be s/(-4)*(7 - 3). Let f(n) = -8*n + 2. List the prime factors of f(g).
2, 13
Let g = -533 - -1061. List the prime factors of g.
2, 3, 11
Suppose b - 3*w - 21 - 14 = 0, 0 = -b - 4*w. Suppose b*z = 19*z + 33. What are the prime factors of z?
3, 11
Let t(x) be the second derivative of 3*x**5/20 + x**4/3 - x**3/3 - x**2 - x. Let y be t(2). Suppose -5*z + 51 + y = 0. List the prime factors of z.
17
Let c(b) = 4*b**2 + 103*b + 34. What are the prime factors of c(-38)?
2, 3, 79
Let o(s) = -7*s - 44. Suppose 45 = 5*l + 115. List the prime factors of o(l).
2, 3
Let s(f) = 8*f - 6*f - 5*f**2 + 15*f + 4*f**2. What are the prime factors of s(12)?
2, 3, 5
Suppose 4*s + 4*n - 140 = 0, 4*n - 32 = -2*s + 42. List the prime factors of s.
3, 11
Let w(g) = -51*g + 19. List the prime factors of w(-9).
2, 239
Let b be 1 + -2 + (-228)/(-3). Suppose 0*h = 2*g - h - b, -g + 39 = -h. Suppose -g + 14 = -i. List the prime factors of i.
2, 11
Suppose z + 4*j - 445 = 0, -2*z + 1015 - 143 = 2*j. List the prime factors of z.
433
Let g(s) = -s**3 + 7*s**2 - 6*s. Let t be g(6). Suppose t = 10*z + 6*z - 304. What are the prime factors of z?
19
List the prime factors of 47447/136 - (-1 + (-14)/(-16)).
349
Let q = 2 - 5. Let a be (-8)/(-6)*q*1. What are the prime factors of (-312)/(-16)*a/(-6)?
13
What are the prime factors of 1/((-1311)/3290 - (-26)/65)?
2, 7, 47
Suppose 0 = 4*r - 4*k + 5*k + 203, r = 2*k - 62. What are the prime factors of 36*(-1 + r/(-8))?
2, 3, 11
Let o = -54 - -60. Suppose 0 = -2*w + w - 2*d + 2, -5*w + 2*d + 10 = 0. Suppose 0 = -w*j, 4*h - 3*h + j = o. What are the prime factors of h?
2, 3
Suppose -47*q = -10127 - 33771. What are the prime factors of q?
2, 467
Suppose 4*x + 4*q - 816 = 0, -51*q + 53*q = 2*x - 400. List the prime factors of x.
2, 101
Let w(m) = m**2 - 9*m + 2. Let v be w(9). Suppose -4*z + a + 60 = v*a, -4*z + 5*a + 84 = 0. What are the prime factors of z?
2
Let g = -23 - -20. What are the prime factors of 1528/12 + (g/9 - -1)?
2
Let d(n) = n - 2. Let l be d(-7). List the prime factors of (0 - -1)*(232 + l).
223
Let r(z) = 3*z + 9. Suppose 2*i = -10 - 6. Let y = 13 + i. List the prime factors of r(y).
2, 3
Suppose -153 = 17*j - 629. List the prime factors of j.
2, 7
Suppose -k - 632 = -i, -i + 2*k - 222 = -852. List the prime factors of i.
2, 317
Let p = -121 + 294. List the prime factors of p.
173
Let s(h) = -4*h - 25. Let k be s(-8). Suppose -k*w - 3*w + 1420 = 0. What are the prime factors of w?
2, 71
Let v(i) = -i**3 - 5*i**2 - 6*i - 6. Let o be v(-4). Let n = 65 - o. What are the prime factors of n?
3, 7
Suppose 2*d + 122 = 5*g, 3*d + 2*d = -3*g + 67. Let y = g + -37. Let s = -11 - y. List the prime factors of s.
2
Let h = -480 - -930. List the prime factors of h.
2, 3, 5
Let a(o) = -8*o**2 - o - 1. Let s be a(-1). Let h be (2/6)/(s/(-72)). Suppose -v + 26 = 4*x - h, 123 = 5*v - 2*x. List the prime factors of v.
5
Let k be (-96)/(-8)*(-4)/(-3). Suppose 3*b + k = y, 5*b - b = -16. List the prime factors of ((-1)/2 + 1)*y.
2
Suppose 3*r + 4*b = 26, 0 = -0*r + r - 3*b - 13. Suppose -2*c + r - 4 = 0. Suppose -c*x + 5 + 4 = 0. List the prime factors of x.
3
List the prime factors of 270/(-7)*(98/(-21) - 0).
2, 3, 5
Suppose -4*d = l + 348 - 4326, 0 = -4*l - 8. List the prime factors of d.
5, 199
Let x(y) = 102*y**2 - 2*y - 2. Let j(v) = v**2 + v - 3. Let t be j(1). What are the prime factors of x(t)?
2, 3, 17
Suppose 5*v = -4*h + 6133, -10*h + 12*h = 2*v - 2446. What are the prime factors of v?
5, 7
Let f be 12/3 + 3 + 2. Suppose 2*o + 38 = 2*n, -4*n = -f*o + 4*o - 75. List the prime factors of n.
2, 5
Suppose 188 = 4*b - 5*l, l - 38 - 70 = -2*b. What are the prime factors of b?
2, 13
Suppose -6*g + 3*g = g. List the prime factors of (g - (-1349)/7) + (-18)/(-63).
193
Suppose 0 = -y + 1 + 4. Let r(a) = a**2 - 8*a + 6. Let d be r(8). Suppose -2*z + d = -p, y*p + 19 + 1 = 5*z. List the prime factors of z.
2
List the prime factors of (-12)/36 + (-218)/6*-25.
2, 227
Let l(u) = 92 - 34 - 26*u - 44 + 2*u**2. What are the prime factors of l(13)?
2, 7
Let z = 3027 - 1743. What are the prime factors of z?
2, 3, 107
Let h(n) = -512*n - 49. Let b be h(-12). List the prime factors of b/30 + (-5)/30.
7, 29
Let x be (1 - -2) + (0 - 15). What are the prime factors of 114/x*(-1 - 1)?
19
Suppose 8*a - 16*a = -8744. What are the prime factors of a?
1093
Suppose -105 = 5*p + 235. Let o = p + 131. What are the prime factors of o?
3, 7
Let s(t) = t**3 - 9*t**2 - 5*t - 37. What are the prime factors of s(11)?
2, 3, 5
List the prime factors of 3691/(7 + 1*(-48)/8).
3691
Suppose 0 = 6*b - 7*b + 17. Suppose 19*y - b*y = 74. What are the prime factors of y?
37
Let a(l) = l**2 - 8*l + 5. What are the prime factors of a(19)?
2, 107
Suppose -4 = 4*l + 36. Let u(v) = v**2 + 10*v + 5. Let r be u(l). Suppose -5*o + 4*b + 123 = 0, r*o + b - 4*b = 126. List the prime factors of o.
3
Let b = 9869 - 5594. List the prime factors of b.
3, 5, 19
Let h = -45 - -47. Suppose 0 = -2*t + h*g + 342, 4*t + 175 = 5*t + 3*g. What are the prime factors of t?
2, 43
Let d(m) = -2*m - 13. Let u be d(-9). Suppose -70 = u*r - 330. What are the prime factors of r?
2, 13
Let w(q) = -5*q - 4. Let j be w(-4). Suppose -2*x - j = g - 4*g, -3*g - 9 = 3*x. Suppose -r + 0 = -a + 32, 81 = 3*a + g*r. What are the prime factors of a?
29
Suppose 5*l - 3*m = -104, 0*l = l - m + 20. Let d = 31 + l. What are the prime factors of d?
3
Suppose -5*k = -0*k - 10. Suppose